{"id":1346,"date":"2017-05-14T12:20:31","date_gmt":"2017-05-14T10:20:31","guid":{"rendered":"http:\/\/leikopf-pokale.de\/web\/?post_type=product&#038;p=1346"},"modified":"2024-08-19T16:17:30","modified_gmt":"2024-08-19T14:17:30","slug":"trainingshalsband","status":"publish","type":"product","link":"https:\/\/leikopf-pokale.de\/web\/produkt\/trainingshalsband\/","title":{"rendered":"Trainingshalsband"},"content":{"rendered":"","protected":false},"excerpt":{"rendered":"<p><big><b>So wird Ihr Trainingshalsband zum Erfolg:<\/b><\/big><\/p>\n<p>6 mm W\u00fcrgehalsband f\u00fcr alle Zwecke, dass von Fachleuten empfohlen wurde und Muster gesch\u00fctzt ist!<br \/>\nDas Halsband soll eng um den Hals sitzen, muss aber ohne Probleme auszuziehen sein.<\/p>\n<ul>\n<li>f\u00fcr alle Rassen geeignet<\/li>\n<li>keine Verschlei\u00dfstellen im Pelz<\/li>\n<li>v\u00f6llig ger\u00e4uschlos, klirrt nicht<\/li>\n<li>unterst\u00fctzt schnelleres Lernen<\/li>\n<li>von Fachleuten verwendet<\/li>\n<li>sehr schnell<\/li>\n<li>keine Allergiegefahr<\/li>\n<li>auch im Winter angenehm warm<\/li>\n<li>auch ohne w\u00fcrgen zu verwenden<\/li>\n<li>keine Verletzungsgefahr beim Spielen<\/li>\n<li>leicht und geschmeidig<\/li>\n<li>schwedische Qualit\u00e4t<\/li>\n<\/ul>\n","protected":false},"featured_media":1347,"comment_status":"closed","ping_status":"closed","template":"","meta":[],"product_brand":[],"product_cat":[44],"product_tag":[60],"class_list":{"0":"post-1346","1":"product","2":"type-product","3":"status-publish","4":"has-post-thumbnail","6":"product_cat-trainingshalsbaender","7":"product_tag-trainingshalsband","9":"first","10":"instock","11":"shipping-taxable","12":"purchasable","13":"product-type-variable"},"_links":{"self":[{"href":"https:\/\/leikopf-pokale.de\/web\/wp-json\/wp\/v2\/product\/1346","targetHints":{"allow":["GET"]}}],"collection":[{"href":"https:\/\/leikopf-pokale.de\/web\/wp-json\/wp\/v2\/product"}],"about":[{"href":"https:\/\/leikopf-pokale.de\/web\/wp-json\/wp\/v2\/types\/product"}],"replies":[{"embeddable":true,"href":"https:\/\/leikopf-pokale.de\/web\/wp-json\/wp\/v2\/comments?post=1346"}],"wp:featuredmedia":[{"embeddable":true,"href":"https:\/\/leikopf-pokale.de\/web\/wp-json\/wp\/v2\/media\/1347"}],"wp:attachment":[{"href":"https:\/\/leikopf-pokale.de\/web\/wp-json\/wp\/v2\/media?parent=1346"}],"wp:term":[{"taxonomy":"product_brand","embeddable":true,"href":"https:\/\/leikopf-pokale.de\/web\/wp-json\/wp\/v2\/product_brand?post=1346"},{"taxonomy":"product_cat","embeddable":true,"href":"https:\/\/leikopf-pokale.de\/web\/wp-json\/wp\/v2\/product_cat?post=1346"},{"taxonomy":"product_tag","embeddable":true,"href":"https:\/\/leikopf-pokale.de\/web\/wp-json\/wp\/v2\/product_tag?post=1346"}],"curies":[{"name":"wp","href":"https:\/\/api.w.org\/{rel}","templated":true}]}}